hest common divisor of 148111 and 4514?
37
What is the highest common divisor of 2819256 and 1888?
472
Calculate the greatest common divisor of 192 and 103333136.
16
Calculate the greatest common divisor of 4950472 and 1589971.
1753
Calculate the greatest common factor of 65697936 and 13248.
1104
What is the highest common divisor of 201609337 and 222?
37
What is the greatest common divisor of 146920 and 134480?
40
What is the highest common factor of 24347696 and 32?
16
Calculate the greatest common factor of 21229687 and 12261.
67
What is the greatest common divisor of 8644 and 29715911?
2161
What is the greatest common factor of 11754075 and 636?
159
Calculate the highest common divisor of 159 and 950549753.
53
Calculate the greatest common factor of 193257 and 141840.
1773
What is the greatest common divisor of 1112 and 1436395976?
1112
What is the highest common factor of 35216 and 451702?
142
Calculate the highest common divisor of 993 and 1704319.
331
Calculate the greatest common divisor of 3208460 and 90.
10
What is the highest common divisor of 262345 and 61557?
71
What is the greatest common divisor of 40520 and 13336145?
5065
Calculate the greatest common divisor of 422946424 and 509.
509
Calculate the highest common factor of 193 and 3329636.
193
What is the highest common factor of 8142947 and 4868?
1217
What is the greatest common factor of 400729 and 48601?
917
What is the highest common factor of 18611138 and 1638?
182
Calculate the highest common factor of 100159 and 44363.
37
What is the highest common factor of 784225697 and 194?
97
What is the greatest common divisor of 1206372 and 910047?
1317
Calculate the highest common factor of 345 and 56868765.
345
Calculate the highest common divisor of 67571 and 45901.
197
What is the greatest common factor of 7905 and 324415?
155
What is the highest common factor of 326483456 and 78?
26
Calculate the greatest common divisor of 12118 and 30441.
73
Calculate the highest common divisor of 13 and 97913647.
13
What is the greatest common divisor of 555 and 541331645?
185
What is the highest common factor of 2370724758 and 9?
9
Calculate the highest common divisor of 3709620 and 27.
9
Calculate the highest common factor of 1271 and 6010559.
1271
What is the highest common divisor of 28988526 and 42?
42
What is the greatest common factor of 1424235690 and 1377?
459
What is the greatest common divisor of 5142 and 5602209?
2571
Calculate the highest common factor of 846773437 and 76.
19
What is the highest common factor of 84293861 and 103?
103
Calculate the highest common factor of 2633891 and 2036411.
4979
What is the greatest common divisor of 9137080 and 140?
20
Calculate the greatest common factor of 41354 and 228.
2
What is the highest common factor of 2608719 and 2280?
57
What is the highest common factor of 622230 and 3066?
42
Calculate the greatest common factor of 969120 and 849780.
180
Calculate the highest common factor of 16270408 and 5984.
88
What is the highest common factor of 4103599 and 753?
251
Calculate the greatest common factor of 83366 and 14687262.
1142
What is the greatest common factor of 52507 and 5239?
13
Calculate the highest common factor of 33698181 and 66.
33
Calculate the highest common factor of 633433 and 58953.
43
Calculate the greatest common factor of 5600 and 24787.
7
Calculate the highest common divisor of 2484 and 69498.
54
What is the highest common divisor of 35 and 286345?
5
What is the greatest common factor of 49104 and 34320?
528
What is the greatest common divisor of 14487981 and 20001?
177
What is the highest common divisor of 24906588 and 63?
21
What is the highest common factor of 109265259 and 2919?
417
What is the greatest common factor of 2764616 and 3296?
8
What is the highest common factor of 180838 and 11354?
14
Calculate the highest common divisor of 70025840 and 640.
80
What is the greatest common divisor of 2493 and 867?
3
Calculate the highest common divisor of 41333724 and 360.
36
What is the highest common factor of 1246340 and 30442780?
12340
Calculate the highest common factor of 36000 and 794800.
400
Calculate the greatest common factor of 4521292 and 25660.
5132
Calculate the highest common divisor of 62672 and 6288.
16
Calculate the highest common divisor of 4352544 and 3528.
504
Calculate the highest common divisor of 13503240 and 1350.
270
Calculate the greatest common divisor of 118500 and 10731360.
4740
Calculate the highest common factor of 1886696 and 4704.
392
Calculate the highest common divisor of 207 and 1862717514.
69
Calculate the highest common divisor of 2369302 and 5031.
13
Calculate the greatest common divisor of 3763 and 8599520.
71
What is the highest common divisor of 24104220 and 14?
14
What is the greatest common divisor of 6615 and 1550360?
245
What is the highest common factor of 933858 and 464?
58
Calculate the greatest common factor of 37278 and 1139050.
4142
What is the highest common divisor of 1363 and 1117283?
29
What is the greatest common factor of 6978579 and 89?
89
Calculate the greatest common factor of 48922548 and 36.
12
What is the greatest common factor of 32651882 and 24896?
778
What is the greatest common divisor of 2790 and 14114835?
45
What is the greatest common divisor of 664139 and 16898?
119
What is the highest common factor of 1897 and 17450503?
1897
What is the highest common divisor of 9450 and 239750?
350
Calculate the highest common factor of 153 and 4649415.
51
What is the highest common divisor of 22550806 and 187?
17
What is the greatest common factor of 4503144 and 16?
8
Calculate the greatest common factor of 201397504 and 2404.
2404
Calculate the highest common factor of 15714 and 1154688.
582
Calculate the highest common divisor of 1290 and 46365610.
430
Calculate the highest common divisor of 1309217 and 1911.
91
Calculate the highest common factor of 148617 and 368235.
441
What is the greatest common divisor of 29661489 and 19?
19
Calculate the greatest common factor of 936756556 and 1052.
1052
What is the greatest common divisor of 15357995 and 590?
295
Calculate the highest common divisor of 564978 and 2292.
1146
What is the greatest common factor of 145585 and 30085?
55
What is the greatest common factor of 2480136950 and 50?
50
Calculate the greatest common factor of 206763248 and 68.
68
What is the highest common divisor of 19039 and 2196437?
79
What is the highest common divisor of 903402 and 32519?
31
What is the highest common factor of 35580 and 9300?
60
Calculate the highest common factor of 125 and 191834625.
125
Calculate the greatest common divisor of 187429 and 329846.
121
What is the highest common divisor of 5994747 and 2464110?
1881
Calculate the highest common divisor of 927 and 3138.
3
Calculate the highest common divisor of 8782400 and 81400.
2200
Calculate the greatest common factor of 1504 and 321292.
188
What is the greatest common factor of 64108 and 107294?
22
What is the greatest common factor of 3497272636 and 23?
23
Calculate the greatest common divisor of 128016 and 541528.
1016
Calculate the highest common factor of 1471 and 144593416.
1471
Calculate the greatest common divisor of 44205150 and 657.
219
Calculate the highest common divisor of 184 and 2513752.
8
What is the greatest common factor of 303 and 98038175?
101
What is the highest common divisor of 259 and 22685625?
37
Calculate the highest common factor of 7888 and 1266430.
58
Calculate the highest common divisor of 31852464 and 8400.
336
Calculate the highest common divisor of 112594023 and 54.
27
What is the greatest common divisor of 1919490 and 625?
5
What is the highest common divisor of 256888 and 24124?
652
Calculate the highest common divisor of 887809 and 26.
13
What is the greatest common divisor of 3170332 and 2816?
44
Calculate the highest common divisor of 43238 and 100126.
26
Calculate the greatest common factor of 1084480 and 54080.
320
What is the greatest common factor of 24 and 105525072?
24
What is the greatest common divisor of 2356 and 6209920?
124
What is the greatest common factor of 51288 and 209496?
24
Calculate the highest common divisor of 6253916 and 7028.
1004
What is the highest common divisor of 875763 and 453?
3
Calculate the highest commo